{"id":49347,"date":"2008-08-10T23:15:36","date_gmt":"2008-08-10T23:15:36","guid":{"rendered":"https:\/\/scenaamadeo.hr\/wordpress\/index.php\/2008\/08\/10\/ulaznice\/"},"modified":"2025-06-25T09:44:58","modified_gmt":"2025-06-25T09:44:58","slug":"ulaznice","status":"publish","type":"page","link":"https:\/\/scenaamadeo.hr\/wordpress\/index.php\/ulaznice\/","title":{"rendered":"Ulaznice"},"content":{"rendered":"<p style=\"text-align: center;\"><strong>Hrvatski prirodoslovni muzej, Demetrova 1, 10000 Zagreb.<\/strong><\/p>\n<p style=\"text-align: center;\"><strong>Blagajna otvorena od 18:30 sati na dane kada se odr\u017eava program Scene Amadeo.<\/strong><\/p>\n<p>&nbsp;<\/p>\n<p style=\"text-align: center;\"><strong>Online prodaja: <a href=\"https:\/\/www.ulaznice.hr\/web\/regular\/15818246\">www.ulaznice.hr<\/a> i <a href=\"https:\/\/www.eventim.hr\/artist\/scena-amadeo\/\">www.eventim.hr<\/a><\/strong><\/p>\n<p style=\"text-align: center;\">Sjedi\u0161ta u gledali\u0161tu nisu numerirana!&nbsp; &nbsp;Rezervacije se ne primaju!<\/p>\n<p style=\"text-align: center;\">Kontakt (za vrijeme rada blagajne): <strong>091 9521 585<\/strong><\/p>\n<hr>\n<p style=\"text-align: center;\">&nbsp;<\/p>\n<p style=\"text-align: center;\"><strong>Cijena ulaznica:<\/strong> 15 \/ 20 \/ 25 EUR<\/p>\n<p style=\"text-align: center;\"><strong>Cijena ulaznica za studente i umirovljenike:<\/strong> 12 \/ 17 \/ 22 EUR<\/p>\n<p style=\"text-align: center;\"><strong>Svi popusti mogu se ostvariti isklju\u010divo na blagajni Hrvatskog prirodoslovnog muzeja!<\/strong><\/p>\n","protected":false},"excerpt":{"rendered":"<p>Hrvatski prirodoslovni muzej, Demetrova 1, 10000 Zagreb. Blagajna otvorena od 18:30 sati na dane kada se odr\u017eava program Scene Amadeo. &nbsp; Online prodaja: www.ulaznice.hr i www.eventim.hr Sjedi\u0161ta u gledali\u0161tu nisu numerirana!&nbsp; &nbsp;Rezervacije se ne primaju! Kontakt (za vrijeme rada blagajne): 091 9521 585 &nbsp; Cijena ulaznica: 15 \/ 20 \/ 25 EUR Cijena ulaznica za [&hellip;]<\/p>\n","protected":false},"author":5,"featured_media":0,"parent":0,"menu_order":56,"comment_status":"closed","ping_status":"closed","template":"","meta":{"_acf_changed":false,"_editorskit_title_hidden":false,"_editorskit_reading_time":0,"_editorskit_is_block_options_detached":false,"_editorskit_block_options_position":"{}","_gspb_post_css":"","_crdt_document":"","ngg_post_thumbnail":0,"footnotes":""},"categories":[292],"tags":[],"class_list":["post-49347","page","type-page","status-publish","hentry","category-razno-scena-amadeo"],"blocksy_meta":[],"acf":[],"_links":{"self":[{"href":"https:\/\/scenaamadeo.hr\/wordpress\/index.php\/wp-json\/wp\/v2\/pages\/49347","targetHints":{"allow":["GET"]}}],"collection":[{"href":"https:\/\/scenaamadeo.hr\/wordpress\/index.php\/wp-json\/wp\/v2\/pages"}],"about":[{"href":"https:\/\/scenaamadeo.hr\/wordpress\/index.php\/wp-json\/wp\/v2\/types\/page"}],"author":[{"embeddable":true,"href":"https:\/\/scenaamadeo.hr\/wordpress\/index.php\/wp-json\/wp\/v2\/users\/5"}],"replies":[{"embeddable":true,"href":"https:\/\/scenaamadeo.hr\/wordpress\/index.php\/wp-json\/wp\/v2\/comments?post=49347"}],"version-history":[{"count":8,"href":"https:\/\/scenaamadeo.hr\/wordpress\/index.php\/wp-json\/wp\/v2\/pages\/49347\/revisions"}],"predecessor-version":[{"id":52475,"href":"https:\/\/scenaamadeo.hr\/wordpress\/index.php\/wp-json\/wp\/v2\/pages\/49347\/revisions\/52475"}],"wp:attachment":[{"href":"https:\/\/scenaamadeo.hr\/wordpress\/index.php\/wp-json\/wp\/v2\/media?parent=49347"}],"wp:term":[{"taxonomy":"category","embeddable":true,"href":"https:\/\/scenaamadeo.hr\/wordpress\/index.php\/wp-json\/wp\/v2\/categories?post=49347"},{"taxonomy":"post_tag","embeddable":true,"href":"https:\/\/scenaamadeo.hr\/wordpress\/index.php\/wp-json\/wp\/v2\/tags?post=49347"}],"curies":[{"name":"wp","href":"https:\/\/api.w.org\/{rel}","templated":true}]}}